8 is divided by (1 + -2 + y)*10?
8
Suppose -5*c = -28 - 27. Let n = 16 - c. Suppose -155 = -n*j + 5*y, 5*j = -y + 2*y + 147. What is the remainder when j is divided by 15?
14
Let v(z) = 10*z**3 + 2*z**2 + 3*z - 5. Calculate the remainder when v(2) is divided by 18.
17
Suppose -3*u = -4*w + 8*w + 35, -u - 10 = w. Let s be 54/(-10) + (-2)/u. Let a = s - -8. What is the remainder when 4 is divided by a?
1
Let y(k) = k + 89. Let l be y(0). Suppose 0*h = -h + l. What is the remainder when h is divided by 30?
29
Suppose 0 = 5*f - 22 + 67. What is the remainder when 3 is divided by (-4)/(-6) - 3/f?
0
Suppose -3*q - z + 46 = 0, 0*z + 3*z = -3*q + 48. What is the remainder when q is divided by 8?
7
Let w = 1308 - 1294. Let y(c) = c - 1. Let j be y(2). What is the remainder when w is divided by j/(-3) + 13/3?
2
Let g(y) = y**2 - 9*y + 10. Let p be g(8). Let w be ((-1)/p)/(1/(-12)). Suppose -46 = -4*x - w. Calculate the remainder when 19 is divided by x.
9
Let m(g) = -294*g**3 - g**2 - g - 1. Let v be m(-1). Suppose 5*t = -3*p + v, 0 = -t + p + 2*p + 55. What is the remainder when t is divided by 20?
18
Let a be 28/6 + (-1)/(-3). Let g be (10/25)/(1/a). Suppose 0 = 3*h - 3*t - 93, -2*h - g*t + 14 = -52. Calculate the remainder when h is divided by 11.
10
Let i(a) = a**3 - 3*a**2 - 2*a - 2. Let u be i(-2). Let f be 2/(3/(u/4)). Calculate the remainder when 5 is divided by (4/(-2) + 1)*f.
2
Let k = 28 + -10. Let y = k + 8. What is the remainder when y is divided by 7?
5
Let o(g) = g**3 + g**2 + g + 16. Suppose -u = -5*w + 80 + 108, 2*u - 68 = -2*w. Let j = w - 7. Calculate the remainder when j is divided by o(0).
14
Let v(b) = 2*b**2 + 7*b - 13. What is the remainder when v(4) is divided by 12?
11
Let l(y) = 46*y - 2. Calculate the remainder when l(1) is divided by 23.
21
Suppose 0 = -2*x + 3*y + 65, -3*x + 4*y + 62 + 36 = 0. Let v be 1*(-1 - -1 - 0). Suppose v*m + 2*m = 24. Calculate the remainder when x is divided by m.
10
Let h(u) = -30*u + 23. What is the remainder when h(-4) is divided by 36?
35
Suppose -4*u - 2*d + 88 + 70 = 0, u = -4*d + 36. What is the remainder when u is divided by 15?
10
Let i = -13 - -24. What is the remainder when i is divided by (-21*(-10)/(-75))/((-4)/10)?
4
Suppose 3*b - 5*h - 9 = -21, -5*b + 2*h = 39. Let g = b + 13. What is the remainder when g is divided by 3?
1
Let h be 0 + 3 + -2 + 3. Suppose -20 = 3*l + 2*t - 7, h*l + 14 = -2*t. What is the remainder when 37 is divided by (-225)/(-12) - l/4?
18
Let t be 0 + (9 - 0/(-3)). Let s = t - 17. Calculate the remainder when 13 is divided by (14/s)/((-1)/4).
6
Suppose 2*l - 207 = -l. What is the remainder when l is divided by 24?
21
Calculate the remainder when 12 - (1 - 1) - -1 is divided by 16/(-2)*(-7)/14.
1
Let j be 7*(128/28 - 2). Suppose 2*h + 3*v = j, -3*v + 5 = -1. What is the remainder when 16 is divided by h?
4
Let n = 36 + -153. What is the remainder when 2/(-2 + n/(-57)) is divided by (0 + -2 - -3)*13?
12
Suppose 2*v - 81 = -5*f, v - 74 = -4*f + 4*v. What is the remainder when 30 is divided by f?
13
Let c(j) = -9*j - 5 + 0 + j. Calculate the remainder when c(-5) is divided by 2 + -2 + 18 - (-7 - -7).
17
Suppose 4*u - 34 - 180 = -2*z, -71 = -u - 4*z. Let v(h) = 3*h**3 - 3*h**2 + h - 1. Calculate the remainder when u is divided by v(2).
12
Let y be 5*((-6)/(-10) + -1). Let x(i) = 4*i**2 + i - 4. What is the remainder when x(4) is divided by (11/y)/(-1)*4?
20
Let r be 1 - (-1 + 7)/(-2). Let k be 2/(-18) - (-60)/54. Let u = r - k. Calculate the remainder when 3 is divided by u.
0
Suppose 0 = -q + 2*q. Suppose -4*x - 43 + 7 = q. What is the remainder when 17 is divided by 6/(((-12)/x)/2)?
8
Let y(w) = 3*w**2 + w - 17. Calculate the remainder when y(-6) is divided by 29.
27
Suppose -19 = g - 0*g - 3*y, 0 = -5*y + 5. Suppose 3*s - 5*v + 15 = -2*v, 5 = 2*s + 3*v. Let j = s - g. What is the remainder when 40 is divided by j?
12
Let b = -21 + 25. What is the remainder when 7 is divided by b?
3
Suppose 0*n + 8*n - 368 = 0. Calculate the remainder when 181 is divided by n.
43
Let l = 368 + -214. Calculate the remainder when l is divided by 39.
37
Let h = 1 - 7. Let m = 2 + 10. What is the remainder when m is divided by (2/h)/(1/(-21))?
5
Suppose 56 + 24 = 4*b. Suppose f = 2*f - b. What is the remainder when 79 is divided by f?
19
Let c(m) = m**3 - 7*m**2 + m. Let d be c(7). Suppose 2*w - d*w - 28 = -2*r, 4*w = -r + 40. Calculate the remainder when 70 is divided by r.
22
Suppose 0 = -2*z + 43 + 13. Let y = -321 + 327. What is the remainder when z is divided by y?
4
Suppose -2*y - p + 26 = y, 5*p - 46 = -3*y. Suppose 5*d + y = 122. What is the remainder when 68 is divided by d?
22
Let i(m) = m**3 - 5*m**2 + 8*m - 33. Calculate the remainder when 16 is divided by i(5).
2
Let g = -26 + 29. What is the remainder when 10 is divided by g?
1
Let c = -8 + 21. Calculate the remainder when 17 is divided by c.
4
Suppose 0*h + 2*h = 16. Calculate the remainder when 23 is divided by h.
7
Let z be 0 + 0 - (-1 - -1). Suppose 5 = -h - 2*s, 0 = -z*s + 3*s. Let c = 30 + h. Calculate the remainder when c is divided by 9.
7
Let y = 209 - 53. What is the remainder when y is divided by 40?
36
Let m(b) = 7*b + 4. Suppose 2*s + 2*w - 36 = -10, 3*w = 3*s - 45. Calculate the remainder when m(5) is divided by s.
11
Let u(f) = 3*f**3 - 3*f**2 + 2*f + 1. Calculate the remainder when (-3)/(-2 + 1) + 46 is divided by u(2).
15
Suppose 5*l + 3*m + 87 = 257, -3*m + 96 = 3*l. Calculate the remainder when 72 is divided by l.
35
Suppose -1 = -b, -5*p + b + 12 = 3*b. Suppose 0 = -2*r + 3*c + 22, -p*r - r + 5*c = -34. What is the remainder when 14 is divided by r?
6
Let j = -109 - -114. Suppose -3 = s - 19. Calculate the remainder when s is divided by j.
1
Suppose -2*u + 5*x = 18, 9*x = 4*x + 10. Calculate the remainder when 2 - 1*15*u is divided by 21.
20
Suppose 103 = s + s + 5*m, -5*m = -2*s + 153. Suppose 1 = -2*q + 7. Suppose -4*w + 22 = -q*w. What is the remainder when s is divided by w?
20
Let z(b) = b**2 + 35. Let o be (0 + -1)*(-4 - -4). What is the remainder when z(o) is divided by 12?
11
Let r(y) = -y - 8. Let l be r(-8). Suppose 3*i - 5*i - 3*o + 10 = l, 21 = 3*i + 3*o. What is the remainder when i is divided by 7?
4
What is the remainder when 44 + 8/(-4 + 0) is divided by 11?
9
Let y = -14 + 60. What is the remainder when y is divided by 12?
10
Let z = -2 - 12. Let l be 2/(-7) + 248/z. Let u = l + 26. What is the remainder when u is divided by 5?
3
Let v(z) = 2*z**2 + 15*z + 50. What is the remainder when 214 is divided by v(-7)?
42
Let c(q) = 5*q**2 - 2*q + 1. Let o(i) = i**2 - 3*i - 2. Let n be o(4). What is the remainder when c(n) is divided by 10?
7
Let o(r) = 2*r**2 - 15*r + 27. What is the remainder when o(12) is divided by 34?
33
Let z(a) = 3*a + 1. Let f be z(-2). Let w be (8/6)/(f/(-15)). Suppose n = -w + 8. Calculate the remainder when n is divided by 3.
1
Suppose -4*z + 205 = z. What is the remainder when z is divided by 11?
8
Let m(t) = t**2 + 13*t - 10. Calculate the remainder when 98 is divided by m(-15).
18
Suppose 2*a + 6*n - 52 = 2*n, a = -n + 23. Calculate the remainder when 79 is divided by a.
19
Suppose 3*w = 3*c - 9, -4*w - 18 = 5*c - 10*c. Let j = c - 4. Calculate the remainder when j is divided by 2.
0
Suppose 58 = -4*v + 5*b - 44, 0 = 5*v - 4*b + 132. Suppose -5*g + 4*d = -17 - 70, 0 = -5*d - 15. Calculate the remainder when g is divided by -7*((-64)/v)/(-4).
3
Let s be 1 + 0 + 9 - -1. Let m be s + 0 + (-2 - -2). Suppose m = o - 3*l, 3*o - 2*l + 7*l - 47 = 0. What is the remainder when 26 is divided by o?
12
Let u = -120 + 171. Let c = u + -22. What is the remainder when c is divided by 10?
9
Let p = -2 + 5. Let i(l) = -6*l + 7. Let u(v) = -7*v + 8. Let q(g) = p*i(g) - 2*u(g). Calculate the remainder when q(-9) is divided by 11.
8
Let i be (-1)/(-4) - 1022/(-8). Suppose -4*z + i = -c, -3*z + 32 = 5*c - 87. What is the remainder when z is divided by (-15)/2*(-24)/15?
9
Let a = 566 + -382. Let h = a + -131. Suppose 4*x - 39 = p, 3*x - 2*p = -6*p + h. Calculate the remainder when 32 is divided by x.
10
Let n be (22/(-8))/((-1)/8). What is the remainder when 27 is divided by (-1)/3 + n/3?
6
Suppose -366 = -h - 2*h. Let c = 109 + -78. Calculate the remainder when h is divided by c.